{"id":2716,"date":"2022-12-22T19:11:08","date_gmt":"2022-12-22T19:11:08","guid":{"rendered":"https:\/\/stratocars.com\/tienda\/?post_type=product&#038;p=2716"},"modified":"2023-05-17T08:23:37","modified_gmt":"2023-05-17T08:23:37","slug":"pastillas-de-freno-delanteras-pagid-rsl29-bmw-serie-1-120d-130i-e81-e87","status":"publish","type":"product","link":"https:\/\/stratocars.com\/tienda\/comprar\/pastillas-de-freno-delanteras-pagid-rsl29-bmw-serie-1-120d-130i-e81-e87\/","title":{"rendered":"Pastillas de Freno Delanteras Pagid RSL29 Bmw Serie 1 120d &amp; 130i [E81 &amp; E87]"},"content":{"rendered":"<p>Pastillas de Freno Delanteras Pagid RSL29 Bmw Serie 1 120d &amp; 130i [E81 &amp; E87]<\/p>\n<p>RSL 29 presenta muy buena modulaci\u00f3n y Caracter\u00edsticas de lanzamiento. Es un material adherido de resina met\u00e1lica baja que contiene fibras de acero y aramida. El nivel de fricci\u00f3n del material se mantiene constante a un nivel bajo-medio. Otra ventaja es la f\u00e1cil ropa de cama en el comportamiento.<\/p>\n","protected":false},"excerpt":{"rendered":"<p>Pastillas de Freno Delanteras Pagid RSL29 Bmw Serie 1 120d &amp; 130i [E81 &amp; E87]<\/p>\n","protected":false},"featured_media":2695,"template":"","meta":[],"make_fuel_type":[],"make_model":[323],"make_brand":[65],"make_year":[34,35,36,171,172,173,174,175,176,177],"product_cat":[49,111,116],"product_tag":[],"class_list":{"0":"post-2716","1":"product","2":"type-product","3":"status-publish","4":"has-post-thumbnail","6":"make_engine-20d","7":"make_engine-30i","8":"make_model-1-e81-e88","9":"make_brand-bmw","10":"make_year-34","11":"make_year-35","12":"make_year-36","13":"make_year-171","14":"make_year-172","15":"make_year-173","16":"make_year-174","17":"make_year-175","18":"make_year-176","19":"make_year-177","20":"product_cat-chasis","21":"product_cat-frenada","22":"product_cat-pastillas-de-freno","24":"first","25":"instock","26":"sale","27":"taxable","28":"shipping-taxable","29":"purchasable","30":"product-type-simple"},"exclude_global_add_ons":[],"addons":[],"yoast_head":"<!-- This site is optimized with the Yoast SEO plugin v23.4 - https:\/\/yoast.com\/wordpress\/plugins\/seo\/ -->\n<title>Pastillas de Freno Del Pagid RSL29 Bmw Serie 1 120d 130i<\/title>\n<meta name=\"description\" content=\"Pastillas de Freno Del Pagid RSL29 Bmw 330CI Coupe BremboSerie 1 120d &amp; 130i [E81 &amp; E87] tarckday tandas circuito ESPA\u00d1A OFERTA Z4 M Coupe M3 E46\" \/>\n<meta name=\"robots\" content=\"index, follow, max-snippet:-1, max-image-preview:large, max-video-preview:-1\" \/>\n<link rel=\"canonical\" href=\"https:\/\/stratocars.com\/tienda\/comprar\/pastillas-de-freno-delanteras-pagid-rsl29-bmw-serie-1-120d-130i-e81-e87\/\" \/>\n<meta property=\"og:locale\" content=\"es_ES\" \/>\n<meta property=\"og:type\" content=\"article\" \/>\n<meta property=\"og:title\" content=\"Pastillas de Freno Del Pagid RSL29 Bmw Serie 1 120d 130i\" \/>\n<meta property=\"og:description\" content=\"Pastillas de Freno Del Pagid RSL29 Bmw 330CI Coupe BremboSerie 1 120d &amp; 130i [E81 &amp; E87] tarckday tandas circuito ESPA\u00d1A OFERTA Z4 M Coupe M3 E46\" \/>\n<meta property=\"og:url\" content=\"https:\/\/stratocars.com\/tienda\/comprar\/pastillas-de-freno-delanteras-pagid-rsl29-bmw-serie-1-120d-130i-e81-e87\/\" \/>\n<meta property=\"og:site_name\" content=\"STRATOCARS | Veh\u00edculos de Importaci\u00f3n y Recambios\" \/>\n<meta property=\"article:modified_time\" content=\"2023-05-17T08:23:37+00:00\" \/>\n<meta property=\"og:image\" content=\"https:\/\/stratocars.com\/tienda\/wp-content\/uploads\/2022\/12\/1364.jpg\" \/>\n\t<meta property=\"og:image:width\" content=\"750\" \/>\n\t<meta property=\"og:image:height\" content=\"750\" \/>\n\t<meta property=\"og:image:type\" content=\"image\/jpeg\" \/>\n<meta name=\"twitter:card\" content=\"summary_large_image\" \/>\n<meta name=\"twitter:label1\" content=\"Tiempo de lectura\" \/>\n\t<meta name=\"twitter:data1\" content=\"1 minuto\" \/>\n<script type=\"application\/ld+json\" class=\"yoast-schema-graph\">{\"@context\":\"https:\/\/schema.org\",\"@graph\":[{\"@type\":\"WebPage\",\"@id\":\"https:\/\/stratocars.com\/tienda\/comprar\/pastillas-de-freno-delanteras-pagid-rsl29-bmw-serie-1-120d-130i-e81-e87\/\",\"url\":\"https:\/\/stratocars.com\/tienda\/comprar\/pastillas-de-freno-delanteras-pagid-rsl29-bmw-serie-1-120d-130i-e81-e87\/\",\"name\":\"Pastillas de Freno Del Pagid RSL29 Bmw Serie 1 120d 130i\",\"isPartOf\":{\"@id\":\"https:\/\/stratocars.com\/tienda\/#website\"},\"primaryImageOfPage\":{\"@id\":\"https:\/\/stratocars.com\/tienda\/comprar\/pastillas-de-freno-delanteras-pagid-rsl29-bmw-serie-1-120d-130i-e81-e87\/#primaryimage\"},\"image\":{\"@id\":\"https:\/\/stratocars.com\/tienda\/comprar\/pastillas-de-freno-delanteras-pagid-rsl29-bmw-serie-1-120d-130i-e81-e87\/#primaryimage\"},\"thumbnailUrl\":\"https:\/\/stratocars.com\/tienda\/wp-content\/uploads\/2022\/12\/1364.jpg\",\"datePublished\":\"2022-12-22T19:11:08+00:00\",\"dateModified\":\"2023-05-17T08:23:37+00:00\",\"description\":\"Pastillas de Freno Del Pagid RSL29 Bmw 330CI Coupe BremboSerie 1 120d & 130i [E81 & E87] tarckday tandas circuito ESPA\u00d1A OFERTA Z4 M Coupe M3 E46\",\"breadcrumb\":{\"@id\":\"https:\/\/stratocars.com\/tienda\/comprar\/pastillas-de-freno-delanteras-pagid-rsl29-bmw-serie-1-120d-130i-e81-e87\/#breadcrumb\"},\"inLanguage\":\"es\",\"potentialAction\":[{\"@type\":\"ReadAction\",\"target\":[\"https:\/\/stratocars.com\/tienda\/comprar\/pastillas-de-freno-delanteras-pagid-rsl29-bmw-serie-1-120d-130i-e81-e87\/\"]}]},{\"@type\":\"ImageObject\",\"inLanguage\":\"es\",\"@id\":\"https:\/\/stratocars.com\/tienda\/comprar\/pastillas-de-freno-delanteras-pagid-rsl29-bmw-serie-1-120d-130i-e81-e87\/#primaryimage\",\"url\":\"https:\/\/stratocars.com\/tienda\/wp-content\/uploads\/2022\/12\/1364.jpg\",\"contentUrl\":\"https:\/\/stratocars.com\/tienda\/wp-content\/uploads\/2022\/12\/1364.jpg\",\"width\":750,\"height\":750},{\"@type\":\"BreadcrumbList\",\"@id\":\"https:\/\/stratocars.com\/tienda\/comprar\/pastillas-de-freno-delanteras-pagid-rsl29-bmw-serie-1-120d-130i-e81-e87\/#breadcrumb\",\"itemListElement\":[{\"@type\":\"ListItem\",\"position\":1,\"name\":\"Portada\",\"item\":\"https:\/\/stratocars.com\/tienda\/\"},{\"@type\":\"ListItem\",\"position\":2,\"name\":\"Parts\",\"item\":\"https:\/\/stratocars.com\/tienda\/parts\/\"},{\"@type\":\"ListItem\",\"position\":3,\"name\":\"Pastillas de Freno Delanteras Pagid RSL29 Bmw Serie 1 120d &amp; 130i [E81 &amp; E87]\"}]},{\"@type\":\"WebSite\",\"@id\":\"https:\/\/stratocars.com\/tienda\/#website\",\"url\":\"https:\/\/stratocars.com\/tienda\/\",\"name\":\"STRATOCARS | Veh\u00edculos de Importaci\u00f3n y Recambios\",\"description\":\"Veh\u00edculos de Importaci\u00f3n y Recambios al mejor precio\",\"publisher\":{\"@id\":\"https:\/\/stratocars.com\/tienda\/#organization\"},\"potentialAction\":[{\"@type\":\"SearchAction\",\"target\":{\"@type\":\"EntryPoint\",\"urlTemplate\":\"https:\/\/stratocars.com\/tienda\/?s={search_term_string}\"},\"query-input\":{\"@type\":\"PropertyValueSpecification\",\"valueRequired\":true,\"valueName\":\"search_term_string\"}}],\"inLanguage\":\"es\"},{\"@type\":\"Organization\",\"@id\":\"https:\/\/stratocars.com\/tienda\/#organization\",\"name\":\"StratoCars\",\"url\":\"https:\/\/stratocars.com\/tienda\/\",\"logo\":{\"@type\":\"ImageObject\",\"inLanguage\":\"es\",\"@id\":\"https:\/\/stratocars.com\/tienda\/#\/schema\/logo\/image\/\",\"url\":\"https:\/\/stratocars.com\/tienda\/wp-content\/uploads\/2022\/09\/web-logo-strato-cars.png\",\"contentUrl\":\"https:\/\/stratocars.com\/tienda\/wp-content\/uploads\/2022\/09\/web-logo-strato-cars.png\",\"width\":345,\"height\":113,\"caption\":\"StratoCars\"},\"image\":{\"@id\":\"https:\/\/stratocars.com\/tienda\/#\/schema\/logo\/image\/\"}}]}<\/script>\n<!-- \/ Yoast SEO plugin. -->","yoast_head_json":{"title":"Pastillas de Freno Del Pagid RSL29 Bmw Serie 1 120d 130i","description":"Pastillas de Freno Del Pagid RSL29 Bmw 330CI Coupe BremboSerie 1 120d & 130i [E81 & E87] tarckday tandas circuito ESPA\u00d1A OFERTA Z4 M Coupe M3 E46","robots":{"index":"index","follow":"follow","max-snippet":"max-snippet:-1","max-image-preview":"max-image-preview:large","max-video-preview":"max-video-preview:-1"},"canonical":"https:\/\/stratocars.com\/tienda\/comprar\/pastillas-de-freno-delanteras-pagid-rsl29-bmw-serie-1-120d-130i-e81-e87\/","og_locale":"es_ES","og_type":"article","og_title":"Pastillas de Freno Del Pagid RSL29 Bmw Serie 1 120d 130i","og_description":"Pastillas de Freno Del Pagid RSL29 Bmw 330CI Coupe BremboSerie 1 120d & 130i [E81 & E87] tarckday tandas circuito ESPA\u00d1A OFERTA Z4 M Coupe M3 E46","og_url":"https:\/\/stratocars.com\/tienda\/comprar\/pastillas-de-freno-delanteras-pagid-rsl29-bmw-serie-1-120d-130i-e81-e87\/","og_site_name":"STRATOCARS | Veh\u00edculos de Importaci\u00f3n y Recambios","article_modified_time":"2023-05-17T08:23:37+00:00","og_image":[{"width":750,"height":750,"url":"https:\/\/stratocars.com\/tienda\/wp-content\/uploads\/2022\/12\/1364.jpg","type":"image\/jpeg"}],"twitter_card":"summary_large_image","twitter_misc":{"Tiempo de lectura":"1 minuto"},"schema":{"@context":"https:\/\/schema.org","@graph":[{"@type":"WebPage","@id":"https:\/\/stratocars.com\/tienda\/comprar\/pastillas-de-freno-delanteras-pagid-rsl29-bmw-serie-1-120d-130i-e81-e87\/","url":"https:\/\/stratocars.com\/tienda\/comprar\/pastillas-de-freno-delanteras-pagid-rsl29-bmw-serie-1-120d-130i-e81-e87\/","name":"Pastillas de Freno Del Pagid RSL29 Bmw Serie 1 120d 130i","isPartOf":{"@id":"https:\/\/stratocars.com\/tienda\/#website"},"primaryImageOfPage":{"@id":"https:\/\/stratocars.com\/tienda\/comprar\/pastillas-de-freno-delanteras-pagid-rsl29-bmw-serie-1-120d-130i-e81-e87\/#primaryimage"},"image":{"@id":"https:\/\/stratocars.com\/tienda\/comprar\/pastillas-de-freno-delanteras-pagid-rsl29-bmw-serie-1-120d-130i-e81-e87\/#primaryimage"},"thumbnailUrl":"https:\/\/stratocars.com\/tienda\/wp-content\/uploads\/2022\/12\/1364.jpg","datePublished":"2022-12-22T19:11:08+00:00","dateModified":"2023-05-17T08:23:37+00:00","description":"Pastillas de Freno Del Pagid RSL29 Bmw 330CI Coupe BremboSerie 1 120d & 130i [E81 & E87] tarckday tandas circuito ESPA\u00d1A OFERTA Z4 M Coupe M3 E46","breadcrumb":{"@id":"https:\/\/stratocars.com\/tienda\/comprar\/pastillas-de-freno-delanteras-pagid-rsl29-bmw-serie-1-120d-130i-e81-e87\/#breadcrumb"},"inLanguage":"es","potentialAction":[{"@type":"ReadAction","target":["https:\/\/stratocars.com\/tienda\/comprar\/pastillas-de-freno-delanteras-pagid-rsl29-bmw-serie-1-120d-130i-e81-e87\/"]}]},{"@type":"ImageObject","inLanguage":"es","@id":"https:\/\/stratocars.com\/tienda\/comprar\/pastillas-de-freno-delanteras-pagid-rsl29-bmw-serie-1-120d-130i-e81-e87\/#primaryimage","url":"https:\/\/stratocars.com\/tienda\/wp-content\/uploads\/2022\/12\/1364.jpg","contentUrl":"https:\/\/stratocars.com\/tienda\/wp-content\/uploads\/2022\/12\/1364.jpg","width":750,"height":750},{"@type":"BreadcrumbList","@id":"https:\/\/stratocars.com\/tienda\/comprar\/pastillas-de-freno-delanteras-pagid-rsl29-bmw-serie-1-120d-130i-e81-e87\/#breadcrumb","itemListElement":[{"@type":"ListItem","position":1,"name":"Portada","item":"https:\/\/stratocars.com\/tienda\/"},{"@type":"ListItem","position":2,"name":"Parts","item":"https:\/\/stratocars.com\/tienda\/parts\/"},{"@type":"ListItem","position":3,"name":"Pastillas de Freno Delanteras Pagid RSL29 Bmw Serie 1 120d &amp; 130i [E81 &amp; E87]"}]},{"@type":"WebSite","@id":"https:\/\/stratocars.com\/tienda\/#website","url":"https:\/\/stratocars.com\/tienda\/","name":"STRATOCARS | Veh\u00edculos de Importaci\u00f3n y Recambios","description":"Veh\u00edculos de Importaci\u00f3n y Recambios al mejor precio","publisher":{"@id":"https:\/\/stratocars.com\/tienda\/#organization"},"potentialAction":[{"@type":"SearchAction","target":{"@type":"EntryPoint","urlTemplate":"https:\/\/stratocars.com\/tienda\/?s={search_term_string}"},"query-input":{"@type":"PropertyValueSpecification","valueRequired":true,"valueName":"search_term_string"}}],"inLanguage":"es"},{"@type":"Organization","@id":"https:\/\/stratocars.com\/tienda\/#organization","name":"StratoCars","url":"https:\/\/stratocars.com\/tienda\/","logo":{"@type":"ImageObject","inLanguage":"es","@id":"https:\/\/stratocars.com\/tienda\/#\/schema\/logo\/image\/","url":"https:\/\/stratocars.com\/tienda\/wp-content\/uploads\/2022\/09\/web-logo-strato-cars.png","contentUrl":"https:\/\/stratocars.com\/tienda\/wp-content\/uploads\/2022\/09\/web-logo-strato-cars.png","width":345,"height":113,"caption":"StratoCars"},"image":{"@id":"https:\/\/stratocars.com\/tienda\/#\/schema\/logo\/image\/"}}]}},"_links":{"self":[{"href":"https:\/\/stratocars.com\/tienda\/wp-json\/wp\/v2\/product\/2716"}],"collection":[{"href":"https:\/\/stratocars.com\/tienda\/wp-json\/wp\/v2\/product"}],"about":[{"href":"https:\/\/stratocars.com\/tienda\/wp-json\/wp\/v2\/types\/product"}],"wp:featuredmedia":[{"embeddable":true,"href":"https:\/\/stratocars.com\/tienda\/wp-json\/wp\/v2\/media\/2695"}],"wp:attachment":[{"href":"https:\/\/stratocars.com\/tienda\/wp-json\/wp\/v2\/media?parent=2716"}],"wp:term":[{"taxonomy":"make_fuel_type","embeddable":true,"href":"https:\/\/stratocars.com\/tienda\/wp-json\/wp\/v2\/make_fuel_type?post=2716"},{"taxonomy":"make_model","embeddable":true,"href":"https:\/\/stratocars.com\/tienda\/wp-json\/wp\/v2\/make_model?post=2716"},{"taxonomy":"make_brand","embeddable":true,"href":"https:\/\/stratocars.com\/tienda\/wp-json\/wp\/v2\/make_brand?post=2716"},{"taxonomy":"make_year","embeddable":true,"href":"https:\/\/stratocars.com\/tienda\/wp-json\/wp\/v2\/make_year?post=2716"},{"taxonomy":"product_cat","embeddable":true,"href":"https:\/\/stratocars.com\/tienda\/wp-json\/wp\/v2\/product_cat?post=2716"},{"taxonomy":"product_tag","embeddable":true,"href":"https:\/\/stratocars.com\/tienda\/wp-json\/wp\/v2\/product_tag?post=2716"}],"curies":[{"name":"wp","href":"https:\/\/api.w.org\/{rel}","templated":true}]}}