{"id":2918,"date":"2023-01-16T14:42:52","date_gmt":"2023-01-16T14:42:52","guid":{"rendered":"https:\/\/stratocars.com\/tienda\/?post_type=product&#038;p=2918"},"modified":"2023-01-31T18:45:42","modified_gmt":"2023-01-31T18:45:42","slug":"suspension-roscada-kw-v3-abarth-500-595-695","status":"publish","type":"product","link":"https:\/\/stratocars.com\/tienda\/comprar\/suspension-roscada-kw-v3-abarth-500-595-695\/","title":{"rendered":"Suspensi\u00f3n Roscada KW V3 ABARTH 500 \/ 595 \/ 695 (312_) 01\/2008-"},"content":{"rendered":"<p>Suspensi\u00f3n Roscada KW V3 ABARTH 500 \/ 595 \/ 695 (312_) 01\/2008-<\/p>\n<ul data-bind=\"foreach: {data: attributes_to_show(), as: '_propkey'}\">\n<li class=\"product-attributes\">\n<div class=\"product__common-attributes\" style=\"font-size: 0.85rem;color: #545454;font-family: 'Open Sans', 'Helvetica Neue', Helvetica, Arial, sans-serif;font-style: normal;font-weight: 400;letter-spacing: normal;text-align: left;text-indent: 0px;text-transform: none;background-color: #ffffff\" data-bind=\"fadeVisible: Object.keys(commonAttributes()).length &gt; 0\">\n<ul data-bind=\"foreach: {data: attributes_to_show(), as: '_propkey'}\">\n<li class=\"product-attributes\"><strong>Reducci\u00f3n de FA\/RA (mm):\u00a030-60\/10-40\u00a0<i class=\"fa fa-info-circle\"><\/i><\/strong><\/li>\n<li class=\"product-attributes\"><strong>Versi\u00f3n:\u00a0V3<\/strong><\/li>\n<li class=\"product-attributes\"><strong>Ajuste de amortiguaci\u00f3n:\u00a0amortiguaci\u00f3n de rebote y compresi\u00f3n<\/strong><\/li>\n<li class=\"product-attributes\"><strong>Material:\u00a0Acero inoxidable<\/strong><\/li>\n<li class=\"product-attributes\"><strong>Ajuste FA\/RA:\u00a0Rosca\/Rosca<\/strong><\/li>\n<li class=\"product-attributes\"><strong>Aprobaci\u00f3n:\u00a0aprobaci\u00f3n de piezas (\u00a719.3)<\/strong><\/li>\n<\/ul>\n<\/div>\n<div class=\"product__car-data\">\n<div class=\"product__car-short-text\" data-bind=\"if: selectedCar()\">Tipo de coche:\u00a0ABARTH 500 \/ 595 \/ 695 (312_) 01\/2008- 1.4 Abarth &#8211; 118kW &#8211; 1368ccm &#8211; 4 cyl. &#8211; Tracci\u00f3n delantera<\/div>\n<div class=\"product__car-hint\" data-bind=\"if: getCarConstructionYear() || getAxleLoad()\">\n<div><i class=\"fa fa-exclamation-triangle color-red\"><\/i>\u00a0S\u00f3lo modelos<\/div>\n<div class=\"construction-year\"><span data-bind=\"text: getCarConstructionYear()\">A\u00f1o: 08\/2007-<\/span>Carga por eje FA\/RA (kg): -830\/-735<\/div>\n<\/div>\n<\/div>\n<\/li>\n<\/ul>\n<p><img decoding=\"async\" class=\"alignnone size-medium wp-image-2186\" src=\"https:\/\/stratocars.com\/tienda\/wp-content\/uploads\/2022\/11\/kw_inox-line-300x117.png\" alt=\"\" width=\"300\" height=\"117\" srcset=\"https:\/\/stratocars.com\/tienda\/wp-content\/uploads\/2022\/11\/kw_inox-line-300x117.png 300w, https:\/\/stratocars.com\/tienda\/wp-content\/uploads\/2022\/11\/kw_inox-line.png 490w\" sizes=\"(max-width: 300px) 100vw, 300px\" \/> <img decoding=\"async\" class=\"alignnone size-medium wp-image-2185\" src=\"https:\/\/stratocars.com\/tienda\/wp-content\/uploads\/2022\/11\/kw_gama_suspension-300x117.png\" alt=\"\" width=\"300\" height=\"117\" srcset=\"https:\/\/stratocars.com\/tienda\/wp-content\/uploads\/2022\/11\/kw_gama_suspension-300x117.png 300w, https:\/\/stratocars.com\/tienda\/wp-content\/uploads\/2022\/11\/kw_gama_suspension.png 490w\" sizes=\"(max-width: 300px) 100vw, 300px\" \/> <img decoding=\"async\" class=\"alignnone size-medium wp-image-2184\" src=\"https:\/\/stratocars.com\/tienda\/wp-content\/uploads\/2022\/11\/kw_amortiguador-300x117.png\" alt=\"\" width=\"300\" height=\"117\" srcset=\"https:\/\/stratocars.com\/tienda\/wp-content\/uploads\/2022\/11\/kw_amortiguador-300x117.png 300w, https:\/\/stratocars.com\/tienda\/wp-content\/uploads\/2022\/11\/kw_amortiguador.png 490w\" sizes=\"(max-width: 300px) 100vw, 300px\" \/><\/p>\n","protected":false},"excerpt":{"rendered":"<p>Suspensi\u00f3n Roscada KW V3 ABARTH 500 \/ 595 \/ 695 (312_) 01\/2008-<\/p>\n","protected":false},"featured_media":2915,"template":"","meta":[],"make_fuel_type":[],"make_model":[189],"make_brand":[52],"make_year":[173,174,175,176,177,178,179,180,181,182,183,184,185],"product_cat":[49,112,134],"product_tag":[864],"class_list":{"0":"post-2918","1":"product","2":"type-product","3":"status-publish","4":"has-post-thumbnail","6":"make_engine-todas-las-motorizaciones","7":"make_model-189","8":"make_brand-abarth-fiat","9":"make_year-173","10":"make_year-174","11":"make_year-175","12":"make_year-176","13":"make_year-177","14":"make_year-178","15":"make_year-179","16":"make_year-180","17":"make_year-181","18":"make_year-182","19":"make_year-183","20":"make_year-184","21":"make_year-185","22":"product_cat-chasis","23":"product_cat-suspension","24":"product_cat-suspension-roscada","25":"product_tag-entrega-1-4-semanas","27":"first","28":"instock","29":"sale","30":"sold-individually","31":"taxable","32":"shipping-taxable","33":"purchasable","34":"product-type-simple"},"exclude_global_add_ons":[],"addons":[],"yoast_head":"<!-- This site is optimized with the Yoast SEO plugin v23.4 - https:\/\/yoast.com\/wordpress\/plugins\/seo\/ -->\n<title>Suspensi\u00f3n Roscada KW V3 ABARTH 500 \/ 595 \/ 695<\/title>\n<meta name=\"description\" content=\"Suspensi\u00f3n Roscada KW V3 ABARTH 500 \/ 595 \/ 695 (312_) 01\/2008- kw espa\u00f1a oferta kw suspension kw variante 3 kw v1 kw v2 kw v3 kv clubsport\" \/>\n<meta name=\"robots\" content=\"index, follow, max-snippet:-1, max-image-preview:large, max-video-preview:-1\" \/>\n<link rel=\"canonical\" href=\"https:\/\/stratocars.com\/tienda\/comprar\/suspension-roscada-kw-v3-abarth-500-595-695\/\" \/>\n<meta property=\"og:locale\" content=\"es_ES\" \/>\n<meta property=\"og:type\" content=\"article\" \/>\n<meta property=\"og:title\" content=\"Suspensi\u00f3n Roscada KW V3 ABARTH 500 \/ 595 \/ 695\" \/>\n<meta property=\"og:description\" content=\"Suspensi\u00f3n Roscada KW V3 ABARTH 500 \/ 595 \/ 695 (312_) 01\/2008- kw espa\u00f1a oferta kw suspension kw variante 3 kw v1 kw v2 kw v3 kv clubsport\" \/>\n<meta property=\"og:url\" content=\"https:\/\/stratocars.com\/tienda\/comprar\/suspension-roscada-kw-v3-abarth-500-595-695\/\" \/>\n<meta property=\"og:site_name\" content=\"STRATOCARS | Veh\u00edculos de Importaci\u00f3n y Recambios\" \/>\n<meta property=\"article:modified_time\" content=\"2023-01-31T18:45:42+00:00\" \/>\n<meta property=\"og:image\" content=\"https:\/\/stratocars.com\/tienda\/wp-content\/uploads\/2023\/01\/kw-v3.jpg\" \/>\n\t<meta property=\"og:image:width\" content=\"750\" \/>\n\t<meta property=\"og:image:height\" content=\"750\" \/>\n\t<meta property=\"og:image:type\" content=\"image\/jpeg\" \/>\n<meta name=\"twitter:card\" content=\"summary_large_image\" \/>\n<meta name=\"twitter:label1\" content=\"Tiempo de lectura\" \/>\n\t<meta name=\"twitter:data1\" content=\"1 minuto\" \/>\n<script type=\"application\/ld+json\" class=\"yoast-schema-graph\">{\"@context\":\"https:\/\/schema.org\",\"@graph\":[{\"@type\":\"WebPage\",\"@id\":\"https:\/\/stratocars.com\/tienda\/comprar\/suspension-roscada-kw-v3-abarth-500-595-695\/\",\"url\":\"https:\/\/stratocars.com\/tienda\/comprar\/suspension-roscada-kw-v3-abarth-500-595-695\/\",\"name\":\"Suspensi\u00f3n Roscada KW V3 ABARTH 500 \/ 595 \/ 695\",\"isPartOf\":{\"@id\":\"https:\/\/stratocars.com\/tienda\/#website\"},\"primaryImageOfPage\":{\"@id\":\"https:\/\/stratocars.com\/tienda\/comprar\/suspension-roscada-kw-v3-abarth-500-595-695\/#primaryimage\"},\"image\":{\"@id\":\"https:\/\/stratocars.com\/tienda\/comprar\/suspension-roscada-kw-v3-abarth-500-595-695\/#primaryimage\"},\"thumbnailUrl\":\"https:\/\/stratocars.com\/tienda\/wp-content\/uploads\/2023\/01\/kw-v3.jpg\",\"datePublished\":\"2023-01-16T14:42:52+00:00\",\"dateModified\":\"2023-01-31T18:45:42+00:00\",\"description\":\"Suspensi\u00f3n Roscada KW V3 ABARTH 500 \/ 595 \/ 695 (312_) 01\/2008- kw espa\u00f1a oferta kw suspension kw variante 3 kw v1 kw v2 kw v3 kv clubsport\",\"breadcrumb\":{\"@id\":\"https:\/\/stratocars.com\/tienda\/comprar\/suspension-roscada-kw-v3-abarth-500-595-695\/#breadcrumb\"},\"inLanguage\":\"es\",\"potentialAction\":[{\"@type\":\"ReadAction\",\"target\":[\"https:\/\/stratocars.com\/tienda\/comprar\/suspension-roscada-kw-v3-abarth-500-595-695\/\"]}]},{\"@type\":\"ImageObject\",\"inLanguage\":\"es\",\"@id\":\"https:\/\/stratocars.com\/tienda\/comprar\/suspension-roscada-kw-v3-abarth-500-595-695\/#primaryimage\",\"url\":\"https:\/\/stratocars.com\/tienda\/wp-content\/uploads\/2023\/01\/kw-v3.jpg\",\"contentUrl\":\"https:\/\/stratocars.com\/tienda\/wp-content\/uploads\/2023\/01\/kw-v3.jpg\",\"width\":750,\"height\":750},{\"@type\":\"BreadcrumbList\",\"@id\":\"https:\/\/stratocars.com\/tienda\/comprar\/suspension-roscada-kw-v3-abarth-500-595-695\/#breadcrumb\",\"itemListElement\":[{\"@type\":\"ListItem\",\"position\":1,\"name\":\"Portada\",\"item\":\"https:\/\/stratocars.com\/tienda\/\"},{\"@type\":\"ListItem\",\"position\":2,\"name\":\"Parts\",\"item\":\"https:\/\/stratocars.com\/tienda\/parts\/\"},{\"@type\":\"ListItem\",\"position\":3,\"name\":\"Suspensi\u00f3n Roscada KW V3 ABARTH 500 \/ 595 \/ 695 (312_) 01\/2008-\"}]},{\"@type\":\"WebSite\",\"@id\":\"https:\/\/stratocars.com\/tienda\/#website\",\"url\":\"https:\/\/stratocars.com\/tienda\/\",\"name\":\"STRATOCARS | Veh\u00edculos de Importaci\u00f3n y Recambios\",\"description\":\"Veh\u00edculos de Importaci\u00f3n y Recambios al mejor precio\",\"publisher\":{\"@id\":\"https:\/\/stratocars.com\/tienda\/#organization\"},\"potentialAction\":[{\"@type\":\"SearchAction\",\"target\":{\"@type\":\"EntryPoint\",\"urlTemplate\":\"https:\/\/stratocars.com\/tienda\/?s={search_term_string}\"},\"query-input\":{\"@type\":\"PropertyValueSpecification\",\"valueRequired\":true,\"valueName\":\"search_term_string\"}}],\"inLanguage\":\"es\"},{\"@type\":\"Organization\",\"@id\":\"https:\/\/stratocars.com\/tienda\/#organization\",\"name\":\"StratoCars\",\"url\":\"https:\/\/stratocars.com\/tienda\/\",\"logo\":{\"@type\":\"ImageObject\",\"inLanguage\":\"es\",\"@id\":\"https:\/\/stratocars.com\/tienda\/#\/schema\/logo\/image\/\",\"url\":\"https:\/\/stratocars.com\/tienda\/wp-content\/uploads\/2022\/09\/web-logo-strato-cars.png\",\"contentUrl\":\"https:\/\/stratocars.com\/tienda\/wp-content\/uploads\/2022\/09\/web-logo-strato-cars.png\",\"width\":345,\"height\":113,\"caption\":\"StratoCars\"},\"image\":{\"@id\":\"https:\/\/stratocars.com\/tienda\/#\/schema\/logo\/image\/\"}}]}<\/script>\n<!-- \/ Yoast SEO plugin. -->","yoast_head_json":{"title":"Suspensi\u00f3n Roscada KW V3 ABARTH 500 \/ 595 \/ 695","description":"Suspensi\u00f3n Roscada KW V3 ABARTH 500 \/ 595 \/ 695 (312_) 01\/2008- kw espa\u00f1a oferta kw suspension kw variante 3 kw v1 kw v2 kw v3 kv clubsport","robots":{"index":"index","follow":"follow","max-snippet":"max-snippet:-1","max-image-preview":"max-image-preview:large","max-video-preview":"max-video-preview:-1"},"canonical":"https:\/\/stratocars.com\/tienda\/comprar\/suspension-roscada-kw-v3-abarth-500-595-695\/","og_locale":"es_ES","og_type":"article","og_title":"Suspensi\u00f3n Roscada KW V3 ABARTH 500 \/ 595 \/ 695","og_description":"Suspensi\u00f3n Roscada KW V3 ABARTH 500 \/ 595 \/ 695 (312_) 01\/2008- kw espa\u00f1a oferta kw suspension kw variante 3 kw v1 kw v2 kw v3 kv clubsport","og_url":"https:\/\/stratocars.com\/tienda\/comprar\/suspension-roscada-kw-v3-abarth-500-595-695\/","og_site_name":"STRATOCARS | Veh\u00edculos de Importaci\u00f3n y Recambios","article_modified_time":"2023-01-31T18:45:42+00:00","og_image":[{"width":750,"height":750,"url":"https:\/\/stratocars.com\/tienda\/wp-content\/uploads\/2023\/01\/kw-v3.jpg","type":"image\/jpeg"}],"twitter_card":"summary_large_image","twitter_misc":{"Tiempo de lectura":"1 minuto"},"schema":{"@context":"https:\/\/schema.org","@graph":[{"@type":"WebPage","@id":"https:\/\/stratocars.com\/tienda\/comprar\/suspension-roscada-kw-v3-abarth-500-595-695\/","url":"https:\/\/stratocars.com\/tienda\/comprar\/suspension-roscada-kw-v3-abarth-500-595-695\/","name":"Suspensi\u00f3n Roscada KW V3 ABARTH 500 \/ 595 \/ 695","isPartOf":{"@id":"https:\/\/stratocars.com\/tienda\/#website"},"primaryImageOfPage":{"@id":"https:\/\/stratocars.com\/tienda\/comprar\/suspension-roscada-kw-v3-abarth-500-595-695\/#primaryimage"},"image":{"@id":"https:\/\/stratocars.com\/tienda\/comprar\/suspension-roscada-kw-v3-abarth-500-595-695\/#primaryimage"},"thumbnailUrl":"https:\/\/stratocars.com\/tienda\/wp-content\/uploads\/2023\/01\/kw-v3.jpg","datePublished":"2023-01-16T14:42:52+00:00","dateModified":"2023-01-31T18:45:42+00:00","description":"Suspensi\u00f3n Roscada KW V3 ABARTH 500 \/ 595 \/ 695 (312_) 01\/2008- kw espa\u00f1a oferta kw suspension kw variante 3 kw v1 kw v2 kw v3 kv clubsport","breadcrumb":{"@id":"https:\/\/stratocars.com\/tienda\/comprar\/suspension-roscada-kw-v3-abarth-500-595-695\/#breadcrumb"},"inLanguage":"es","potentialAction":[{"@type":"ReadAction","target":["https:\/\/stratocars.com\/tienda\/comprar\/suspension-roscada-kw-v3-abarth-500-595-695\/"]}]},{"@type":"ImageObject","inLanguage":"es","@id":"https:\/\/stratocars.com\/tienda\/comprar\/suspension-roscada-kw-v3-abarth-500-595-695\/#primaryimage","url":"https:\/\/stratocars.com\/tienda\/wp-content\/uploads\/2023\/01\/kw-v3.jpg","contentUrl":"https:\/\/stratocars.com\/tienda\/wp-content\/uploads\/2023\/01\/kw-v3.jpg","width":750,"height":750},{"@type":"BreadcrumbList","@id":"https:\/\/stratocars.com\/tienda\/comprar\/suspension-roscada-kw-v3-abarth-500-595-695\/#breadcrumb","itemListElement":[{"@type":"ListItem","position":1,"name":"Portada","item":"https:\/\/stratocars.com\/tienda\/"},{"@type":"ListItem","position":2,"name":"Parts","item":"https:\/\/stratocars.com\/tienda\/parts\/"},{"@type":"ListItem","position":3,"name":"Suspensi\u00f3n Roscada KW V3 ABARTH 500 \/ 595 \/ 695 (312_) 01\/2008-"}]},{"@type":"WebSite","@id":"https:\/\/stratocars.com\/tienda\/#website","url":"https:\/\/stratocars.com\/tienda\/","name":"STRATOCARS | Veh\u00edculos de Importaci\u00f3n y Recambios","description":"Veh\u00edculos de Importaci\u00f3n y Recambios al mejor precio","publisher":{"@id":"https:\/\/stratocars.com\/tienda\/#organization"},"potentialAction":[{"@type":"SearchAction","target":{"@type":"EntryPoint","urlTemplate":"https:\/\/stratocars.com\/tienda\/?s={search_term_string}"},"query-input":{"@type":"PropertyValueSpecification","valueRequired":true,"valueName":"search_term_string"}}],"inLanguage":"es"},{"@type":"Organization","@id":"https:\/\/stratocars.com\/tienda\/#organization","name":"StratoCars","url":"https:\/\/stratocars.com\/tienda\/","logo":{"@type":"ImageObject","inLanguage":"es","@id":"https:\/\/stratocars.com\/tienda\/#\/schema\/logo\/image\/","url":"https:\/\/stratocars.com\/tienda\/wp-content\/uploads\/2022\/09\/web-logo-strato-cars.png","contentUrl":"https:\/\/stratocars.com\/tienda\/wp-content\/uploads\/2022\/09\/web-logo-strato-cars.png","width":345,"height":113,"caption":"StratoCars"},"image":{"@id":"https:\/\/stratocars.com\/tienda\/#\/schema\/logo\/image\/"}}]}},"_links":{"self":[{"href":"https:\/\/stratocars.com\/tienda\/wp-json\/wp\/v2\/product\/2918"}],"collection":[{"href":"https:\/\/stratocars.com\/tienda\/wp-json\/wp\/v2\/product"}],"about":[{"href":"https:\/\/stratocars.com\/tienda\/wp-json\/wp\/v2\/types\/product"}],"wp:featuredmedia":[{"embeddable":true,"href":"https:\/\/stratocars.com\/tienda\/wp-json\/wp\/v2\/media\/2915"}],"wp:attachment":[{"href":"https:\/\/stratocars.com\/tienda\/wp-json\/wp\/v2\/media?parent=2918"}],"wp:term":[{"taxonomy":"make_fuel_type","embeddable":true,"href":"https:\/\/stratocars.com\/tienda\/wp-json\/wp\/v2\/make_fuel_type?post=2918"},{"taxonomy":"make_model","embeddable":true,"href":"https:\/\/stratocars.com\/tienda\/wp-json\/wp\/v2\/make_model?post=2918"},{"taxonomy":"make_brand","embeddable":true,"href":"https:\/\/stratocars.com\/tienda\/wp-json\/wp\/v2\/make_brand?post=2918"},{"taxonomy":"make_year","embeddable":true,"href":"https:\/\/stratocars.com\/tienda\/wp-json\/wp\/v2\/make_year?post=2918"},{"taxonomy":"product_cat","embeddable":true,"href":"https:\/\/stratocars.com\/tienda\/wp-json\/wp\/v2\/product_cat?post=2918"},{"taxonomy":"product_tag","embeddable":true,"href":"https:\/\/stratocars.com\/tienda\/wp-json\/wp\/v2\/product_tag?post=2918"}],"curies":[{"name":"wp","href":"https:\/\/api.w.org\/{rel}","templated":true}]}}