{"id":3372,"date":"2023-04-12T10:31:56","date_gmt":"2023-04-12T10:31:56","guid":{"rendered":"https:\/\/stratocars.com\/tienda\/?post_type=product&#038;p=3372"},"modified":"2023-04-12T10:40:46","modified_gmt":"2023-04-12T10:40:46","slug":"discos-de-freno-delanteros-stoptech-rayados-abarth-124-pinza-brembo","status":"publish","type":"product","link":"https:\/\/stratocars.com\/tienda\/comprar\/discos-de-freno-delanteros-stoptech-rayados-abarth-124-pinza-brembo\/","title":{"rendered":"Discos de freno delanteros Stoptech Rayados Abarth 124 pinza brembo"},"content":{"rendered":"<p>Discos de freno delanteros Stoptech Rayados Abarth 124 pinza brembo<\/p>\n","protected":false},"excerpt":{"rendered":"<p>discos de freno racing track rally tandas frenada perforrados rayados <\/p>\n","protected":false},"featured_media":3373,"template":"","meta":[],"make_fuel_type":[],"make_model":[188],"make_brand":[52],"make_year":[181,182,183,184,185],"product_cat":[49,111,120],"product_tag":[864],"class_list":{"0":"post-3372","1":"product","2":"type-product","3":"status-publish","4":"has-post-thumbnail","6":"make_engine-1-4-170cv","7":"make_model-188","8":"make_brand-abarth-fiat","9":"make_year-181","10":"make_year-182","11":"make_year-183","12":"make_year-184","13":"make_year-185","14":"product_cat-chasis","15":"product_cat-frenada","16":"product_cat-discos-de-freno","17":"product_tag-entrega-1-4-semanas","19":"first","20":"instock","21":"sale","22":"sold-individually","23":"taxable","24":"shipping-taxable","25":"purchasable","26":"product-type-simple"},"exclude_global_add_ons":[],"addons":[],"yoast_head":"<!-- This site is optimized with the Yoast SEO plugin v23.4 - https:\/\/yoast.com\/wordpress\/plugins\/seo\/ -->\n<title>Discos delanteros Stoptech Rayados Abarth 124 pinza brembo<\/title>\n<meta name=\"description\" content=\"discos de freno racing track rally tandas frenada perforrados rayados Discos de freno delanteros Stoptech Rayados Abarth 124 pinza brembo\" \/>\n<meta name=\"robots\" content=\"index, follow, max-snippet:-1, max-image-preview:large, max-video-preview:-1\" \/>\n<link rel=\"canonical\" href=\"https:\/\/stratocars.com\/tienda\/comprar\/discos-de-freno-delanteros-stoptech-rayados-abarth-124-pinza-brembo\/\" \/>\n<meta property=\"og:locale\" content=\"es_ES\" \/>\n<meta property=\"og:type\" content=\"article\" \/>\n<meta property=\"og:title\" content=\"Discos delanteros Stoptech Rayados Abarth 124 pinza brembo\" \/>\n<meta property=\"og:description\" content=\"discos de freno racing track rally tandas frenada perforrados rayados Discos de freno delanteros Stoptech Rayados Abarth 124 pinza brembo\" \/>\n<meta property=\"og:url\" content=\"https:\/\/stratocars.com\/tienda\/comprar\/discos-de-freno-delanteros-stoptech-rayados-abarth-124-pinza-brembo\/\" \/>\n<meta property=\"og:site_name\" content=\"STRATOCARS | Veh\u00edculos de Importaci\u00f3n y Recambios\" \/>\n<meta property=\"article:modified_time\" content=\"2023-04-12T10:40:46+00:00\" \/>\n<meta property=\"og:image\" content=\"https:\/\/stratocars.com\/tienda\/wp-content\/uploads\/2023\/04\/stoptech-rayado.jpg\" \/>\n\t<meta property=\"og:image:width\" content=\"750\" \/>\n\t<meta property=\"og:image:height\" content=\"750\" \/>\n\t<meta property=\"og:image:type\" content=\"image\/jpeg\" \/>\n<meta name=\"twitter:card\" content=\"summary_large_image\" \/>\n<meta name=\"twitter:label1\" content=\"Tiempo de lectura\" \/>\n\t<meta name=\"twitter:data1\" content=\"1 minuto\" \/>\n<script type=\"application\/ld+json\" class=\"yoast-schema-graph\">{\"@context\":\"https:\/\/schema.org\",\"@graph\":[{\"@type\":\"WebPage\",\"@id\":\"https:\/\/stratocars.com\/tienda\/comprar\/discos-de-freno-delanteros-stoptech-rayados-abarth-124-pinza-brembo\/\",\"url\":\"https:\/\/stratocars.com\/tienda\/comprar\/discos-de-freno-delanteros-stoptech-rayados-abarth-124-pinza-brembo\/\",\"name\":\"Discos delanteros Stoptech Rayados Abarth 124 pinza brembo\",\"isPartOf\":{\"@id\":\"https:\/\/stratocars.com\/tienda\/#website\"},\"primaryImageOfPage\":{\"@id\":\"https:\/\/stratocars.com\/tienda\/comprar\/discos-de-freno-delanteros-stoptech-rayados-abarth-124-pinza-brembo\/#primaryimage\"},\"image\":{\"@id\":\"https:\/\/stratocars.com\/tienda\/comprar\/discos-de-freno-delanteros-stoptech-rayados-abarth-124-pinza-brembo\/#primaryimage\"},\"thumbnailUrl\":\"https:\/\/stratocars.com\/tienda\/wp-content\/uploads\/2023\/04\/stoptech-rayado.jpg\",\"datePublished\":\"2023-04-12T10:31:56+00:00\",\"dateModified\":\"2023-04-12T10:40:46+00:00\",\"description\":\"discos de freno racing track rally tandas frenada perforrados rayados Discos de freno delanteros Stoptech Rayados Abarth 124 pinza brembo\",\"breadcrumb\":{\"@id\":\"https:\/\/stratocars.com\/tienda\/comprar\/discos-de-freno-delanteros-stoptech-rayados-abarth-124-pinza-brembo\/#breadcrumb\"},\"inLanguage\":\"es\",\"potentialAction\":[{\"@type\":\"ReadAction\",\"target\":[\"https:\/\/stratocars.com\/tienda\/comprar\/discos-de-freno-delanteros-stoptech-rayados-abarth-124-pinza-brembo\/\"]}]},{\"@type\":\"ImageObject\",\"inLanguage\":\"es\",\"@id\":\"https:\/\/stratocars.com\/tienda\/comprar\/discos-de-freno-delanteros-stoptech-rayados-abarth-124-pinza-brembo\/#primaryimage\",\"url\":\"https:\/\/stratocars.com\/tienda\/wp-content\/uploads\/2023\/04\/stoptech-rayado.jpg\",\"contentUrl\":\"https:\/\/stratocars.com\/tienda\/wp-content\/uploads\/2023\/04\/stoptech-rayado.jpg\",\"width\":750,\"height\":750},{\"@type\":\"BreadcrumbList\",\"@id\":\"https:\/\/stratocars.com\/tienda\/comprar\/discos-de-freno-delanteros-stoptech-rayados-abarth-124-pinza-brembo\/#breadcrumb\",\"itemListElement\":[{\"@type\":\"ListItem\",\"position\":1,\"name\":\"Portada\",\"item\":\"https:\/\/stratocars.com\/tienda\/\"},{\"@type\":\"ListItem\",\"position\":2,\"name\":\"Parts\",\"item\":\"https:\/\/stratocars.com\/tienda\/parts\/\"},{\"@type\":\"ListItem\",\"position\":3,\"name\":\"Discos de freno delanteros Stoptech Rayados Abarth 124 pinza brembo\"}]},{\"@type\":\"WebSite\",\"@id\":\"https:\/\/stratocars.com\/tienda\/#website\",\"url\":\"https:\/\/stratocars.com\/tienda\/\",\"name\":\"STRATOCARS | Veh\u00edculos de Importaci\u00f3n y Recambios\",\"description\":\"Veh\u00edculos de Importaci\u00f3n y Recambios al mejor precio\",\"publisher\":{\"@id\":\"https:\/\/stratocars.com\/tienda\/#organization\"},\"potentialAction\":[{\"@type\":\"SearchAction\",\"target\":{\"@type\":\"EntryPoint\",\"urlTemplate\":\"https:\/\/stratocars.com\/tienda\/?s={search_term_string}\"},\"query-input\":{\"@type\":\"PropertyValueSpecification\",\"valueRequired\":true,\"valueName\":\"search_term_string\"}}],\"inLanguage\":\"es\"},{\"@type\":\"Organization\",\"@id\":\"https:\/\/stratocars.com\/tienda\/#organization\",\"name\":\"StratoCars\",\"url\":\"https:\/\/stratocars.com\/tienda\/\",\"logo\":{\"@type\":\"ImageObject\",\"inLanguage\":\"es\",\"@id\":\"https:\/\/stratocars.com\/tienda\/#\/schema\/logo\/image\/\",\"url\":\"https:\/\/stratocars.com\/tienda\/wp-content\/uploads\/2022\/09\/web-logo-strato-cars.png\",\"contentUrl\":\"https:\/\/stratocars.com\/tienda\/wp-content\/uploads\/2022\/09\/web-logo-strato-cars.png\",\"width\":345,\"height\":113,\"caption\":\"StratoCars\"},\"image\":{\"@id\":\"https:\/\/stratocars.com\/tienda\/#\/schema\/logo\/image\/\"}}]}<\/script>\n<!-- \/ Yoast SEO plugin. -->","yoast_head_json":{"title":"Discos delanteros Stoptech Rayados Abarth 124 pinza brembo","description":"discos de freno racing track rally tandas frenada perforrados rayados Discos de freno delanteros Stoptech Rayados Abarth 124 pinza brembo","robots":{"index":"index","follow":"follow","max-snippet":"max-snippet:-1","max-image-preview":"max-image-preview:large","max-video-preview":"max-video-preview:-1"},"canonical":"https:\/\/stratocars.com\/tienda\/comprar\/discos-de-freno-delanteros-stoptech-rayados-abarth-124-pinza-brembo\/","og_locale":"es_ES","og_type":"article","og_title":"Discos delanteros Stoptech Rayados Abarth 124 pinza brembo","og_description":"discos de freno racing track rally tandas frenada perforrados rayados Discos de freno delanteros Stoptech Rayados Abarth 124 pinza brembo","og_url":"https:\/\/stratocars.com\/tienda\/comprar\/discos-de-freno-delanteros-stoptech-rayados-abarth-124-pinza-brembo\/","og_site_name":"STRATOCARS | Veh\u00edculos de Importaci\u00f3n y Recambios","article_modified_time":"2023-04-12T10:40:46+00:00","og_image":[{"width":750,"height":750,"url":"https:\/\/stratocars.com\/tienda\/wp-content\/uploads\/2023\/04\/stoptech-rayado.jpg","type":"image\/jpeg"}],"twitter_card":"summary_large_image","twitter_misc":{"Tiempo de lectura":"1 minuto"},"schema":{"@context":"https:\/\/schema.org","@graph":[{"@type":"WebPage","@id":"https:\/\/stratocars.com\/tienda\/comprar\/discos-de-freno-delanteros-stoptech-rayados-abarth-124-pinza-brembo\/","url":"https:\/\/stratocars.com\/tienda\/comprar\/discos-de-freno-delanteros-stoptech-rayados-abarth-124-pinza-brembo\/","name":"Discos delanteros Stoptech Rayados Abarth 124 pinza brembo","isPartOf":{"@id":"https:\/\/stratocars.com\/tienda\/#website"},"primaryImageOfPage":{"@id":"https:\/\/stratocars.com\/tienda\/comprar\/discos-de-freno-delanteros-stoptech-rayados-abarth-124-pinza-brembo\/#primaryimage"},"image":{"@id":"https:\/\/stratocars.com\/tienda\/comprar\/discos-de-freno-delanteros-stoptech-rayados-abarth-124-pinza-brembo\/#primaryimage"},"thumbnailUrl":"https:\/\/stratocars.com\/tienda\/wp-content\/uploads\/2023\/04\/stoptech-rayado.jpg","datePublished":"2023-04-12T10:31:56+00:00","dateModified":"2023-04-12T10:40:46+00:00","description":"discos de freno racing track rally tandas frenada perforrados rayados Discos de freno delanteros Stoptech Rayados Abarth 124 pinza brembo","breadcrumb":{"@id":"https:\/\/stratocars.com\/tienda\/comprar\/discos-de-freno-delanteros-stoptech-rayados-abarth-124-pinza-brembo\/#breadcrumb"},"inLanguage":"es","potentialAction":[{"@type":"ReadAction","target":["https:\/\/stratocars.com\/tienda\/comprar\/discos-de-freno-delanteros-stoptech-rayados-abarth-124-pinza-brembo\/"]}]},{"@type":"ImageObject","inLanguage":"es","@id":"https:\/\/stratocars.com\/tienda\/comprar\/discos-de-freno-delanteros-stoptech-rayados-abarth-124-pinza-brembo\/#primaryimage","url":"https:\/\/stratocars.com\/tienda\/wp-content\/uploads\/2023\/04\/stoptech-rayado.jpg","contentUrl":"https:\/\/stratocars.com\/tienda\/wp-content\/uploads\/2023\/04\/stoptech-rayado.jpg","width":750,"height":750},{"@type":"BreadcrumbList","@id":"https:\/\/stratocars.com\/tienda\/comprar\/discos-de-freno-delanteros-stoptech-rayados-abarth-124-pinza-brembo\/#breadcrumb","itemListElement":[{"@type":"ListItem","position":1,"name":"Portada","item":"https:\/\/stratocars.com\/tienda\/"},{"@type":"ListItem","position":2,"name":"Parts","item":"https:\/\/stratocars.com\/tienda\/parts\/"},{"@type":"ListItem","position":3,"name":"Discos de freno delanteros Stoptech Rayados Abarth 124 pinza brembo"}]},{"@type":"WebSite","@id":"https:\/\/stratocars.com\/tienda\/#website","url":"https:\/\/stratocars.com\/tienda\/","name":"STRATOCARS | Veh\u00edculos de Importaci\u00f3n y Recambios","description":"Veh\u00edculos de Importaci\u00f3n y Recambios al mejor precio","publisher":{"@id":"https:\/\/stratocars.com\/tienda\/#organization"},"potentialAction":[{"@type":"SearchAction","target":{"@type":"EntryPoint","urlTemplate":"https:\/\/stratocars.com\/tienda\/?s={search_term_string}"},"query-input":{"@type":"PropertyValueSpecification","valueRequired":true,"valueName":"search_term_string"}}],"inLanguage":"es"},{"@type":"Organization","@id":"https:\/\/stratocars.com\/tienda\/#organization","name":"StratoCars","url":"https:\/\/stratocars.com\/tienda\/","logo":{"@type":"ImageObject","inLanguage":"es","@id":"https:\/\/stratocars.com\/tienda\/#\/schema\/logo\/image\/","url":"https:\/\/stratocars.com\/tienda\/wp-content\/uploads\/2022\/09\/web-logo-strato-cars.png","contentUrl":"https:\/\/stratocars.com\/tienda\/wp-content\/uploads\/2022\/09\/web-logo-strato-cars.png","width":345,"height":113,"caption":"StratoCars"},"image":{"@id":"https:\/\/stratocars.com\/tienda\/#\/schema\/logo\/image\/"}}]}},"_links":{"self":[{"href":"https:\/\/stratocars.com\/tienda\/wp-json\/wp\/v2\/product\/3372"}],"collection":[{"href":"https:\/\/stratocars.com\/tienda\/wp-json\/wp\/v2\/product"}],"about":[{"href":"https:\/\/stratocars.com\/tienda\/wp-json\/wp\/v2\/types\/product"}],"wp:featuredmedia":[{"embeddable":true,"href":"https:\/\/stratocars.com\/tienda\/wp-json\/wp\/v2\/media\/3373"}],"wp:attachment":[{"href":"https:\/\/stratocars.com\/tienda\/wp-json\/wp\/v2\/media?parent=3372"}],"wp:term":[{"taxonomy":"make_fuel_type","embeddable":true,"href":"https:\/\/stratocars.com\/tienda\/wp-json\/wp\/v2\/make_fuel_type?post=3372"},{"taxonomy":"make_model","embeddable":true,"href":"https:\/\/stratocars.com\/tienda\/wp-json\/wp\/v2\/make_model?post=3372"},{"taxonomy":"make_brand","embeddable":true,"href":"https:\/\/stratocars.com\/tienda\/wp-json\/wp\/v2\/make_brand?post=3372"},{"taxonomy":"make_year","embeddable":true,"href":"https:\/\/stratocars.com\/tienda\/wp-json\/wp\/v2\/make_year?post=3372"},{"taxonomy":"product_cat","embeddable":true,"href":"https:\/\/stratocars.com\/tienda\/wp-json\/wp\/v2\/product_cat?post=3372"},{"taxonomy":"product_tag","embeddable":true,"href":"https:\/\/stratocars.com\/tienda\/wp-json\/wp\/v2\/product_tag?post=3372"}],"curies":[{"name":"wp","href":"https:\/\/api.w.org\/{rel}","templated":true}]}}