{"id":3988,"date":"2023-05-22T08:12:45","date_gmt":"2023-05-22T08:12:45","guid":{"rendered":"https:\/\/stratocars.com\/tienda\/?post_type=product&#038;p=3988"},"modified":"2023-05-22T08:30:51","modified_gmt":"2023-05-22T08:30:51","slug":"akrapovic-slip-on-titanio-911-carrera-s-4-4s-gts-991-2012-2015-s-po991so-ht-1","status":"publish","type":"product","link":"https:\/\/stratocars.com\/tienda\/comprar\/akrapovic-slip-on-titanio-911-carrera-s-4-4s-gts-991-2012-2015-s-po991so-ht-1\/","title":{"rendered":"Akrapovic Slip-On (Titanio) 911 Carrera \/S\/4\/4S\/GTS (991) 2012-2015 S-PO991SO-HT\/1"},"content":{"rendered":"<p>Akrapovic Slip-On (Titanio) 911 Carrera \/S\/4\/4S\/GTS (991) 2012-2015 <\/p>\n<p>S-PO991SO-HT\/1<\/p>\n<p>Es un desaf\u00edo desarrollar un escape de posventa para el gran 911 . Los ingenieros de Akrapovi\u010d han preparado un magn\u00edfico sistema de doble naturaleza. Al usar el kit de sonido Akrapovic opcional, el conductor puede controlar completamente las v\u00e1lvulas de escape , que son controladas por la electr\u00f3nica del autom\u00f3vil si no se usa ninguna pieza opcional. Cuando las v\u00e1lvulas est\u00e1n cerradas, el 911 suena m\u00e1s profundo que el original, pero no m\u00e1s fuerte. Cuando las v\u00e1lvulas est\u00e1n abiertas, espera un sonido de carrera completamente opuesto, puro , con explosiones de adrenalina. Mantener alejado el efecto dron fue una de las tareas principales. El Slip-On est\u00e1 hecho de una aleaci\u00f3n de titanio duradera especial resistente al calor., con silenciadores previos, silenciadores principales y tuber\u00edas dise\u00f1ados por computadora para brindar m\u00e1s potencia, m\u00e1s torsi\u00f3n, reducci\u00f3n de peso y mejor respuesta del acelerador.<\/p>\n","protected":false},"excerpt":{"rendered":"<p>Akrapovic Slip-On (Titanio) 911 Carrera \/S\/4\/4S\/GTS (991) 2012-2015<br \/>\nS-PO991SO-HT\/1<\/p>\n","protected":false},"featured_media":4005,"template":"","meta":[],"make_fuel_type":[],"make_model":[375],"make_brand":[310],"make_year":[177,178,179,180],"product_cat":[168,141],"product_tag":[],"class_list":{"0":"post-3988","1":"product","2":"type-product","3":"status-publish","4":"has-post-thumbnail","6":"make_engine-3-4","7":"make_engine-3-8","8":"make_model-911-991","9":"make_brand-porsche","10":"make_year-177","11":"make_year-178","12":"make_year-179","13":"make_year-180","14":"product_cat-silenciadores","15":"product_cat-escapes","17":"first","18":"instock","19":"sale","20":"taxable","21":"shipping-taxable","22":"purchasable","23":"product-type-variable"},"exclude_global_add_ons":[],"addons":[],"yoast_head":"<!-- This site is optimized with the Yoast SEO plugin v23.4 - https:\/\/yoast.com\/wordpress\/plugins\/seo\/ -->\n<title>Akrapovic Slip-On (Titanio) 911 Carrera \/S\/4\/4S\/GTS (991) 12-15<\/title>\n<meta name=\"description\" content=\"Akrapovic Slip-On (Titanio) 911 Carrera \/S\/4\/4S\/GTS (991) 2012-2015 S-PO991SO-HT\/1 Akrapovic espa\u00f1a akrapovic almeria akrapovic porsche akrapovic center\" \/>\n<meta name=\"robots\" content=\"index, follow, max-snippet:-1, max-image-preview:large, max-video-preview:-1\" \/>\n<link rel=\"canonical\" href=\"https:\/\/stratocars.com\/tienda\/comprar\/akrapovic-slip-on-titanio-911-carrera-s-4-4s-gts-991-2012-2015-s-po991so-ht-1\/\" \/>\n<meta property=\"og:locale\" content=\"es_ES\" \/>\n<meta property=\"og:type\" content=\"article\" \/>\n<meta property=\"og:title\" content=\"Akrapovic Slip-On (Titanio) 911 Carrera \/S\/4\/4S\/GTS (991) 12-15\" \/>\n<meta property=\"og:description\" content=\"Akrapovic Slip-On (Titanio) 911 Carrera \/S\/4\/4S\/GTS (991) 2012-2015 S-PO991SO-HT\/1 Akrapovic espa\u00f1a akrapovic almeria akrapovic porsche akrapovic center\" \/>\n<meta property=\"og:url\" content=\"https:\/\/stratocars.com\/tienda\/comprar\/akrapovic-slip-on-titanio-911-carrera-s-4-4s-gts-991-2012-2015-s-po991so-ht-1\/\" \/>\n<meta property=\"og:site_name\" content=\"STRATOCARS | Veh\u00edculos de Importaci\u00f3n y Recambios\" \/>\n<meta property=\"article:modified_time\" content=\"2023-05-22T08:30:51+00:00\" \/>\n<meta property=\"og:image\" content=\"https:\/\/stratocars.com\/tienda\/wp-content\/uploads\/2023\/05\/S-PO99.jpg\" \/>\n\t<meta property=\"og:image:width\" content=\"750\" \/>\n\t<meta property=\"og:image:height\" content=\"750\" \/>\n\t<meta property=\"og:image:type\" content=\"image\/jpeg\" \/>\n<meta name=\"twitter:card\" content=\"summary_large_image\" \/>\n<meta name=\"twitter:label1\" content=\"Tiempo de lectura\" \/>\n\t<meta name=\"twitter:data1\" content=\"1 minuto\" \/>\n<script type=\"application\/ld+json\" class=\"yoast-schema-graph\">{\"@context\":\"https:\/\/schema.org\",\"@graph\":[{\"@type\":\"WebPage\",\"@id\":\"https:\/\/stratocars.com\/tienda\/comprar\/akrapovic-slip-on-titanio-911-carrera-s-4-4s-gts-991-2012-2015-s-po991so-ht-1\/\",\"url\":\"https:\/\/stratocars.com\/tienda\/comprar\/akrapovic-slip-on-titanio-911-carrera-s-4-4s-gts-991-2012-2015-s-po991so-ht-1\/\",\"name\":\"Akrapovic Slip-On (Titanio) 911 Carrera \/S\/4\/4S\/GTS (991) 12-15\",\"isPartOf\":{\"@id\":\"https:\/\/stratocars.com\/tienda\/#website\"},\"primaryImageOfPage\":{\"@id\":\"https:\/\/stratocars.com\/tienda\/comprar\/akrapovic-slip-on-titanio-911-carrera-s-4-4s-gts-991-2012-2015-s-po991so-ht-1\/#primaryimage\"},\"image\":{\"@id\":\"https:\/\/stratocars.com\/tienda\/comprar\/akrapovic-slip-on-titanio-911-carrera-s-4-4s-gts-991-2012-2015-s-po991so-ht-1\/#primaryimage\"},\"thumbnailUrl\":\"https:\/\/stratocars.com\/tienda\/wp-content\/uploads\/2023\/05\/S-PO99.jpg\",\"datePublished\":\"2023-05-22T08:12:45+00:00\",\"dateModified\":\"2023-05-22T08:30:51+00:00\",\"description\":\"Akrapovic Slip-On (Titanio) 911 Carrera \/S\/4\/4S\/GTS (991) 2012-2015 S-PO991SO-HT\/1 Akrapovic espa\u00f1a akrapovic almeria akrapovic porsche akrapovic center\",\"breadcrumb\":{\"@id\":\"https:\/\/stratocars.com\/tienda\/comprar\/akrapovic-slip-on-titanio-911-carrera-s-4-4s-gts-991-2012-2015-s-po991so-ht-1\/#breadcrumb\"},\"inLanguage\":\"es\",\"potentialAction\":[{\"@type\":\"ReadAction\",\"target\":[\"https:\/\/stratocars.com\/tienda\/comprar\/akrapovic-slip-on-titanio-911-carrera-s-4-4s-gts-991-2012-2015-s-po991so-ht-1\/\"]}]},{\"@type\":\"ImageObject\",\"inLanguage\":\"es\",\"@id\":\"https:\/\/stratocars.com\/tienda\/comprar\/akrapovic-slip-on-titanio-911-carrera-s-4-4s-gts-991-2012-2015-s-po991so-ht-1\/#primaryimage\",\"url\":\"https:\/\/stratocars.com\/tienda\/wp-content\/uploads\/2023\/05\/S-PO99.jpg\",\"contentUrl\":\"https:\/\/stratocars.com\/tienda\/wp-content\/uploads\/2023\/05\/S-PO99.jpg\",\"width\":750,\"height\":750},{\"@type\":\"BreadcrumbList\",\"@id\":\"https:\/\/stratocars.com\/tienda\/comprar\/akrapovic-slip-on-titanio-911-carrera-s-4-4s-gts-991-2012-2015-s-po991so-ht-1\/#breadcrumb\",\"itemListElement\":[{\"@type\":\"ListItem\",\"position\":1,\"name\":\"Portada\",\"item\":\"https:\/\/stratocars.com\/tienda\/\"},{\"@type\":\"ListItem\",\"position\":2,\"name\":\"Parts\",\"item\":\"https:\/\/stratocars.com\/tienda\/parts\/\"},{\"@type\":\"ListItem\",\"position\":3,\"name\":\"Akrapovic Slip-On (Titanio) 911 Carrera \/S\/4\/4S\/GTS (991) 2012-2015 S-PO991SO-HT\/1\"}]},{\"@type\":\"WebSite\",\"@id\":\"https:\/\/stratocars.com\/tienda\/#website\",\"url\":\"https:\/\/stratocars.com\/tienda\/\",\"name\":\"STRATOCARS | Veh\u00edculos de Importaci\u00f3n y Recambios\",\"description\":\"Veh\u00edculos de Importaci\u00f3n y Recambios al mejor precio\",\"publisher\":{\"@id\":\"https:\/\/stratocars.com\/tienda\/#organization\"},\"potentialAction\":[{\"@type\":\"SearchAction\",\"target\":{\"@type\":\"EntryPoint\",\"urlTemplate\":\"https:\/\/stratocars.com\/tienda\/?s={search_term_string}\"},\"query-input\":{\"@type\":\"PropertyValueSpecification\",\"valueRequired\":true,\"valueName\":\"search_term_string\"}}],\"inLanguage\":\"es\"},{\"@type\":\"Organization\",\"@id\":\"https:\/\/stratocars.com\/tienda\/#organization\",\"name\":\"StratoCars\",\"url\":\"https:\/\/stratocars.com\/tienda\/\",\"logo\":{\"@type\":\"ImageObject\",\"inLanguage\":\"es\",\"@id\":\"https:\/\/stratocars.com\/tienda\/#\/schema\/logo\/image\/\",\"url\":\"https:\/\/stratocars.com\/tienda\/wp-content\/uploads\/2022\/09\/web-logo-strato-cars.png\",\"contentUrl\":\"https:\/\/stratocars.com\/tienda\/wp-content\/uploads\/2022\/09\/web-logo-strato-cars.png\",\"width\":345,\"height\":113,\"caption\":\"StratoCars\"},\"image\":{\"@id\":\"https:\/\/stratocars.com\/tienda\/#\/schema\/logo\/image\/\"}}]}<\/script>\n<!-- \/ Yoast SEO plugin. -->","yoast_head_json":{"title":"Akrapovic Slip-On (Titanio) 911 Carrera \/S\/4\/4S\/GTS (991) 12-15","description":"Akrapovic Slip-On (Titanio) 911 Carrera \/S\/4\/4S\/GTS (991) 2012-2015 S-PO991SO-HT\/1 Akrapovic espa\u00f1a akrapovic almeria akrapovic porsche akrapovic center","robots":{"index":"index","follow":"follow","max-snippet":"max-snippet:-1","max-image-preview":"max-image-preview:large","max-video-preview":"max-video-preview:-1"},"canonical":"https:\/\/stratocars.com\/tienda\/comprar\/akrapovic-slip-on-titanio-911-carrera-s-4-4s-gts-991-2012-2015-s-po991so-ht-1\/","og_locale":"es_ES","og_type":"article","og_title":"Akrapovic Slip-On (Titanio) 911 Carrera \/S\/4\/4S\/GTS (991) 12-15","og_description":"Akrapovic Slip-On (Titanio) 911 Carrera \/S\/4\/4S\/GTS (991) 2012-2015 S-PO991SO-HT\/1 Akrapovic espa\u00f1a akrapovic almeria akrapovic porsche akrapovic center","og_url":"https:\/\/stratocars.com\/tienda\/comprar\/akrapovic-slip-on-titanio-911-carrera-s-4-4s-gts-991-2012-2015-s-po991so-ht-1\/","og_site_name":"STRATOCARS | Veh\u00edculos de Importaci\u00f3n y Recambios","article_modified_time":"2023-05-22T08:30:51+00:00","og_image":[{"width":750,"height":750,"url":"https:\/\/stratocars.com\/tienda\/wp-content\/uploads\/2023\/05\/S-PO99.jpg","type":"image\/jpeg"}],"twitter_card":"summary_large_image","twitter_misc":{"Tiempo de lectura":"1 minuto"},"schema":{"@context":"https:\/\/schema.org","@graph":[{"@type":"WebPage","@id":"https:\/\/stratocars.com\/tienda\/comprar\/akrapovic-slip-on-titanio-911-carrera-s-4-4s-gts-991-2012-2015-s-po991so-ht-1\/","url":"https:\/\/stratocars.com\/tienda\/comprar\/akrapovic-slip-on-titanio-911-carrera-s-4-4s-gts-991-2012-2015-s-po991so-ht-1\/","name":"Akrapovic Slip-On (Titanio) 911 Carrera \/S\/4\/4S\/GTS (991) 12-15","isPartOf":{"@id":"https:\/\/stratocars.com\/tienda\/#website"},"primaryImageOfPage":{"@id":"https:\/\/stratocars.com\/tienda\/comprar\/akrapovic-slip-on-titanio-911-carrera-s-4-4s-gts-991-2012-2015-s-po991so-ht-1\/#primaryimage"},"image":{"@id":"https:\/\/stratocars.com\/tienda\/comprar\/akrapovic-slip-on-titanio-911-carrera-s-4-4s-gts-991-2012-2015-s-po991so-ht-1\/#primaryimage"},"thumbnailUrl":"https:\/\/stratocars.com\/tienda\/wp-content\/uploads\/2023\/05\/S-PO99.jpg","datePublished":"2023-05-22T08:12:45+00:00","dateModified":"2023-05-22T08:30:51+00:00","description":"Akrapovic Slip-On (Titanio) 911 Carrera \/S\/4\/4S\/GTS (991) 2012-2015 S-PO991SO-HT\/1 Akrapovic espa\u00f1a akrapovic almeria akrapovic porsche akrapovic center","breadcrumb":{"@id":"https:\/\/stratocars.com\/tienda\/comprar\/akrapovic-slip-on-titanio-911-carrera-s-4-4s-gts-991-2012-2015-s-po991so-ht-1\/#breadcrumb"},"inLanguage":"es","potentialAction":[{"@type":"ReadAction","target":["https:\/\/stratocars.com\/tienda\/comprar\/akrapovic-slip-on-titanio-911-carrera-s-4-4s-gts-991-2012-2015-s-po991so-ht-1\/"]}]},{"@type":"ImageObject","inLanguage":"es","@id":"https:\/\/stratocars.com\/tienda\/comprar\/akrapovic-slip-on-titanio-911-carrera-s-4-4s-gts-991-2012-2015-s-po991so-ht-1\/#primaryimage","url":"https:\/\/stratocars.com\/tienda\/wp-content\/uploads\/2023\/05\/S-PO99.jpg","contentUrl":"https:\/\/stratocars.com\/tienda\/wp-content\/uploads\/2023\/05\/S-PO99.jpg","width":750,"height":750},{"@type":"BreadcrumbList","@id":"https:\/\/stratocars.com\/tienda\/comprar\/akrapovic-slip-on-titanio-911-carrera-s-4-4s-gts-991-2012-2015-s-po991so-ht-1\/#breadcrumb","itemListElement":[{"@type":"ListItem","position":1,"name":"Portada","item":"https:\/\/stratocars.com\/tienda\/"},{"@type":"ListItem","position":2,"name":"Parts","item":"https:\/\/stratocars.com\/tienda\/parts\/"},{"@type":"ListItem","position":3,"name":"Akrapovic Slip-On (Titanio) 911 Carrera \/S\/4\/4S\/GTS (991) 2012-2015 S-PO991SO-HT\/1"}]},{"@type":"WebSite","@id":"https:\/\/stratocars.com\/tienda\/#website","url":"https:\/\/stratocars.com\/tienda\/","name":"STRATOCARS | Veh\u00edculos de Importaci\u00f3n y Recambios","description":"Veh\u00edculos de Importaci\u00f3n y Recambios al mejor precio","publisher":{"@id":"https:\/\/stratocars.com\/tienda\/#organization"},"potentialAction":[{"@type":"SearchAction","target":{"@type":"EntryPoint","urlTemplate":"https:\/\/stratocars.com\/tienda\/?s={search_term_string}"},"query-input":{"@type":"PropertyValueSpecification","valueRequired":true,"valueName":"search_term_string"}}],"inLanguage":"es"},{"@type":"Organization","@id":"https:\/\/stratocars.com\/tienda\/#organization","name":"StratoCars","url":"https:\/\/stratocars.com\/tienda\/","logo":{"@type":"ImageObject","inLanguage":"es","@id":"https:\/\/stratocars.com\/tienda\/#\/schema\/logo\/image\/","url":"https:\/\/stratocars.com\/tienda\/wp-content\/uploads\/2022\/09\/web-logo-strato-cars.png","contentUrl":"https:\/\/stratocars.com\/tienda\/wp-content\/uploads\/2022\/09\/web-logo-strato-cars.png","width":345,"height":113,"caption":"StratoCars"},"image":{"@id":"https:\/\/stratocars.com\/tienda\/#\/schema\/logo\/image\/"}}]}},"_links":{"self":[{"href":"https:\/\/stratocars.com\/tienda\/wp-json\/wp\/v2\/product\/3988"}],"collection":[{"href":"https:\/\/stratocars.com\/tienda\/wp-json\/wp\/v2\/product"}],"about":[{"href":"https:\/\/stratocars.com\/tienda\/wp-json\/wp\/v2\/types\/product"}],"wp:featuredmedia":[{"embeddable":true,"href":"https:\/\/stratocars.com\/tienda\/wp-json\/wp\/v2\/media\/4005"}],"wp:attachment":[{"href":"https:\/\/stratocars.com\/tienda\/wp-json\/wp\/v2\/media?parent=3988"}],"wp:term":[{"taxonomy":"make_fuel_type","embeddable":true,"href":"https:\/\/stratocars.com\/tienda\/wp-json\/wp\/v2\/make_fuel_type?post=3988"},{"taxonomy":"make_model","embeddable":true,"href":"https:\/\/stratocars.com\/tienda\/wp-json\/wp\/v2\/make_model?post=3988"},{"taxonomy":"make_brand","embeddable":true,"href":"https:\/\/stratocars.com\/tienda\/wp-json\/wp\/v2\/make_brand?post=3988"},{"taxonomy":"make_year","embeddable":true,"href":"https:\/\/stratocars.com\/tienda\/wp-json\/wp\/v2\/make_year?post=3988"},{"taxonomy":"product_cat","embeddable":true,"href":"https:\/\/stratocars.com\/tienda\/wp-json\/wp\/v2\/product_cat?post=3988"},{"taxonomy":"product_tag","embeddable":true,"href":"https:\/\/stratocars.com\/tienda\/wp-json\/wp\/v2\/product_tag?post=3988"}],"curies":[{"name":"wp","href":"https:\/\/api.w.org\/{rel}","templated":true}]}}